e of 16 + 5 + -28 + -6?
-13
Evaluate -3 - (19 - (-4 + 9 + 0 + 4)).
-13
Evaluate 9 - (16 - 2) - (-18 + 4).
9
Calculate -3 - (-3 + (-3 - 3) + (27 - 32)).
11
What is the value of -6 + 30 + (10 - 23)?
11
Calculate 16 - (10 - 8 - -10).
4
Evaluate 0 - (-5 - (-28 + 13)).
-10
Calculate (-44 - -74) + -10 + 0 + -11.
9
Calculate 15 - (12 + -11) - 27.
-13
What is the value of (-8 - -11) + -9 + (-1 - 1 - -3)?
-5
Evaluate -16 - (-31 + (10 - -6)).
-1
What is the value of 44 - (52 - 34) - (8 + 0)?
18
What is (6 - 1) + (36 - 49) - 4?
-12
Evaluate 6 + (6 + -7 - -3) + -2 + -5.
1
Evaluate 16 - (2 - (-23 - -7)).
-2
Evaluate (5 - -14 - 23) + -22.
-26
Evaluate 0 + -11 + 31 + -28 + 19.
11
5 + -1 + 5 + -9 - 8
-8
What is the value of -7 + 14 + 0 + 0?
7
Evaluate -13 + -3 - (127 + -152).
9
What is the value of (30 - 14 - (2 - -7) - 9) + -1?
-3
What is the value of 9 - 0 - -1 - (-19 - (18 - 39))?
8
What is the value of 16 + -1 - (480 + -462)?
-3
What is 59 + -53 - (3 - 0)?
3
Calculate 1 + 5 - (-214 - -212).
8
Evaluate 0 - (-7 - -17 - 5).
-5
Evaluate 5 - (-12 + 32 + -22).
7
Evaluate 9 - (10 + (-1 - 11) + -4).
15
Evaluate 15 + -4 + (-1 - (2 + -8)).
16
8 + -13 + -13 + 12
-6
1 - (8 - 0) - -7
0
Evaluate 1 - ((-1 - 4 - (-72 - -72)) + -3).
9
(5 + -3 - 25) + 1 + 4 + -1
-19
What is the value of (-2 - 4 - -16) + (22 - 45)?
-13
What is -2 + -1 + 0 - -8 - 7?
-2
Evaluate -5 + 6 + 0 - (-22 - -13).
10
(-7 - (3 + -4 + 8)) + -1 + 5
-10
Evaluate (-8 - (-6 - (-13 - -11))) + 20.
16
What is the value of 14 + (-4 - ((7 - 3) + 42))?
-36
Evaluate (0 - (0 - 3)) + -1 - (-1 + 25).
-22
What is the value of (-6 - (-8 - (-3 + -5))) + -23?
-29
What is 1 + -4 + (-3 + -6 - -7 - -3)?
-2
Evaluate 12 - (14 + (-12 - -16 - -11)).
-17
Calculate 35 - (5 + -28 + 41).
17
Evaluate -10 + (-10 - (12 + (-34 - 4))).
6
Evaluate 3 + -10 - (-11 + 2).
2
What is -16 - (-30 - -50) - -12 - (0 - -8)?
-32
Calculate -19 + 37 + -22 + 16 + (-2 - 2).
8
Evaluate -5 + (-19 - (8 + (-9 - 8) + 6)).
-21
What is -5 - (-7 - -14) - -9?
-3
Calculate 0 - -11 - 28 - -1.
-16
What is -11 - (1 - 11 - (-1 - 6))?
-8
Evaluate 17 - 12 - 21 - -20.
4
Evaluate -30 - (7 + -31 + 15).
-21
-5 + (6 - 2) + (-1 - -8)
6
1 + 1 + -2 + -7 + 52 + -51
-6
What is the value of 29 - (44 - 19) - -15?
19
What is the value of 5 - (2 + 10 + (-6 - -5) + 8)?
-14
Calculate (-286 - -283) + 2 + -1.
-2
What is 13 + 0 + -5 - (-6 + 18) - -37?
33
-9 + 1 - 5 - (0 - 4)
-9
28 + (25 - 9) + -24
20
Evaluate -17 - (-38 + -41 + 38).
24
-21 - (-41 - (-7 + 6))
19
What is -3 - -4 - (-9 - (-4 + 4))?
10
Calculate 4 + 8 + -4 + -3 + (-10 - -2).
-3
Calculate -71 + 53 - (-2 + -44).
28
What is 0 + (-8 - -13 - 5 - -6)?
6
What is 2 - 24 - (-70 - -61)?
-13
What is 3 + (3 - -8) + -26?
-12
What is 1 + 7 + 1 + -23 + 8?
-6
What is the value of 4 - (1 - 4) - (6 - 7)?
8
(-12 + -4 - -16) + -11
-11
Calculate 0 + (-3 - -5) + 10 + (5 - -2).
19
Evaluate -13 + (-8 + -5 + 40 - -2).
16
3 + -3 - (12 + -13) - -6
7
Calculate 33 + 1 + -8 + -13.
13
-5 - (-7 + (7 - (-10 - -4)))
-11
What is 11 - (-20 - -23 - (1 - 3))?
6
Evaluate (-1 - 5) + (19 - (27 + 1)) - -1.
-14
Calculate -35 - -28 - (-11 - (0 - (5 + -4))).
3
-6 + 12 + (-36 - -12) + 18
0
Calculate -15 + 7 - (11 + -32 + -14).
27
What is the value of (-122 - -144) + -24 + 6?
4
Calculate -11 - (4 - (3 - 2) - (11 + -7)).
-10
2 - (-4 - (-4 + -3 + 0) - 12)
11
67 - 51 - (1 - -1)
14
-35 - (-37 + 19 + -10)
-7
Evaluate -877 + 882 - (1 - -1 - (-3 - -11)).
11
Evaluate 28 - (-4 + ((-20 - -1) + 10 - -22)).
19
What is (0 - (-2 + -1)) + 484 + -466 + -9?
12
Calculate -17 - (-9 + (2 - -5)).
-15
(6 - 6) + -6 - (0 - -3 - 12)
3
4 + (-3 - 0) - (-76 + 43)
34
What is 50 + -38 + -24 - (1 + -2 + -2)?
-9
97 + -93 + (-10 - 0)
-6
What is (-11 - 4) + -17 + 4 + 6?
-22
Calculate -27 + -1 + (20 - 2).
-10
What is 16 + -11 - (0 + -3 + 7)?
1
What is 21 + 18 + -37 + -36?
-34
Calculate 3 - ((8 + 3 - (-5 - -7)) + 25).
-31
What is 16 - (43 + -36 - 30)?
39
Calculate -24 + (-5 - -40) - 28.
-17
What is the value of 2 + -3 + -39 + 22?
-18
What is the value of 16 + -12 + 9 + (-4 - -2)?
11
What is 2 + (2 + 0 - (-34 + 52))?
-14
Evaluate (-9 + (11 - (5 - -6)) - 11) + 8.
-12
-4 + (-4 - 6) + 7 + 17
10
What is (1 + (-5 - (5 - 4)) - 3) + 3?
-5
What is 41 - (11 - (9 + -15)) - 5?
19
-1 - 3 - -11 - (-5 + (-1 - 0))
13
-6 + (16 + -6 - 13) + -2
-11
What is the value of -1 + -15 + 28 + -11?
1
Calculate -7 + (6 - 4 - -4) + -4 - -8.
3
What is the value of (-4 - -11) + -3 + (254 - 241)?
17
What is the value of 14 + -9 + 9 - 4?
10
Calculate -16 + 34 - 27 - -13.
4
-2 + (9 - (-1 + -4 - -9)) - 12
-9
What is 2 - ((-18 - -14) + 20)?
-14
Evaluate 8 - (-34 - (-25 - -5)).
22
Evaluate (3 - -5) + -3 - 6 - 20 - -7.
-14
Evaluate (-18 - 5 - -16) + 6 + 2 + -2.
-1
What is -1 + -4 - (14 + 12 + -27)?
-4
What is the value of (-1 - -4) + 5 + -4 + -4 - -3?
3
What is -56 + (-29 - -60 - -5)?
-20
What is the value of 27 - 15 - (-22 + 18)?
16
What is the value of (19 + -10 - -3) + -11?
1
Evaluate (10 - 31) + (46 - 58).
-33
What is the value of (-38 - 0) + -1 + 3 - (600 - 607)?
-29
Calculate (4 + 99 - 100) + -3 + 0 + 1.
1
What is the value of 4 + -47 + (-23 - -43)?
-23
Evaluate 20 + (14 - (15 + 0)) + -16.
3
Calculate (-17 - -5 - -8) + 4.
0
What is 0 + -6 - -1 - (229 - 242)?
8
Evaluate (217 - 220) + (2 - (-1 + 4 - 1)).
-3
-8 - -1 - (-6 + 5 + -34)
28
(31 - 46) + 32 + -29
-12
Evaluate (-7 - (-5 + 0)) + -7 + 2.
-7
What is -1130 - -1139 - (-2 + 9)?
2
Calculate -6 - (10 + -2 - (28 + -9)) - 15.
-10
(6 - -1) + (38 - 34)
11
What is the value of -11 - (-41 + 38 + -27)?
19
What is the value of -35 + (-12 + 26 - -2) - 6?
-25
What is the value of 0 - 2 - (13 + -10) - (21 + -20)?
-6
What is the value of (78 - 33) + -52 - (1 - 11)?
3
1 + -37 + 39 + 16
19
(-22 - -1) + 1830 + -1793
16
4 + -5 + -8 + 9 + -11
-11
Calculate 61 + -56 + (-2 - 6 - -25).
22
What is the value of (150 - 151) + -1 + -13?
-15
-12 + 13 - 10 - -1
-8
What is the value of -1 - ((-9 - 0) + 4)?
4
What is -3 - (0 + (-15 - -11)) - -4?
5
Evaluate -1 + 14 - 29 - -2 - -19.
5
What is (29 + -48 - -29) + -47?
-37
What is the value of (6 - ((-10 - -4) + 5)) + -11 + -2?
-6
What is the value of (-100 - -92) + (-4 + 2 - 1)?
-11
Calculate (49 - (-1 - -29)) + -7.
14
Evaluate 13 - 17 - (0 + (-25 - (-9 + 4))).
16
Evaluate -1 + (11 - (7 + 10)).
-7
What is (-5 - (-1 - 16) - (-2 + 2)) + -7?
5
What is the value of 24 + 1 + (-2 - -1) - (4586 + -4579)?
17
Evaluate 0 - -8 - (0 - 0) - (-569 + 571).
6
Evaluate (2 - (0 + -1) - (-1 - 1)) + 4.
9
Evaluate -1 + -18 + (13 + -4 - (-4 - -7)).
-13
Calculate -5 - (26 - 12 - 14) - (-2 + -4).
1
7 + (-2 - -6 - ((-21 - -2) + 21))
9
320 + -341 - (-17 + -1)
-3
What is the value of 12 + (6 - ((-6 - -1) + 12)) + 3?
14
Calculate 38 + (2 - -6 - 23).
23
What is the value of (-26 - -19 - (-4 + 1)) + (1 - -3)?
0
Calculate (39 - 3) + -278 + 243.
1
-143 + 148 + (2 - 3) + -4 + -1
-1
Calculate -4 - (27 + -26) - -2.
-3
What is 22 - (-2 + -1 + 12)?
13
Calculate -249 + 244 - (2 - (-1 - 17 - 0)).
-25
What is 15 - (-1 - 1) - 5?
12
Calculate -3 - 3 - ((6 - 0) + 33 + -54).
9
Calculate -10 + (-19 - -21) + 15.
7
What is the value of -10 + (-16 - (-17 + 9)) - -6?
-12
Calculate (1 - 50 - -30) + 0 + 9.
-10
Evaluate (0 - (5 - 1)) + -511 + 543 - -10.
38
Calculate (9 - -15) + -15 + -14 - -8.
3
What is 25 - 29 - (-8 + 1)?
3
Evaluate 80 + -88 + (10 - 1).
1
Calculate 9 + 3 + (43 - 39).
16
-17 + 1 + -1 + (-11 - -7) + 9
-12
What is the value of -1 + 31 + -1513 + 1517?
34
(146 - 154) + (-2 + 15 - -2) + -25
-18
-10 + 1 + 4 + 30 + -8
17
What is the value of ((5 - 16) + 2 - -6) + 0?
-3
1 + (4 - (-9 + 19)) + 12
7
What is the value of (-3 + 6 - -9) + -10 + 1?
3
Evaluate -3 - 4 - ((-2 - 3) + 10 + -6).
-6
Evaluate 8 + -34 - -29 - (1 - 3) - 8.
-3
-7 + (-9 - 3 - 6) + 10 + -2
-17
Calculate 1 + -8 + 2 - (7 + 0).
-12
What is 8 + 2 + -6 - (-3 + -7 + 3)?
11
What is -10 + (14 - (0 - 7)) + 9?
20
2 + -19 - (-191 + 152)
22
(17 - -6) + -7 + (-9 - -4)
11
Calculate (-29 - -22) + 3 + -2.
-6
Evaluate (-1 - (-3 + (0 - -4))) + -5 + 2.
-5
-25 - -13 - -35 - -9 - 2
30
25 - (54 + (-52 - -22))
1
Calculate (4 - 7) + (1 - -7).
5
Calculate 10 + (-5 - 12) + (-1 - (0 + -1)).
-7
What is (-11 - (2 - 3)) + 10?
0
Evaluate (10 - (12 - (29 + -7))) + -15.
5
Calculate -2 + -20 - (-12 + 15 + (-5 - 3)).
-17
Evaluate -4 - -5 - 8 - 0.
-7
Calculate 7 + 16 + (19 - 46).
-